 s. Is r a prime number?
False
Let q = -1732763 - -3081850. Is q a composite number?
False
Let f(d) = 31*d + 70. Suppose 0 = 3*h + 3, -2*i + h = -2*h - 81. Is f(i) composite?
False
Suppose q + 12 = 4*q - 2*v, 4*v - 30 = -3*q. Let t(r) = -25*r + 12. Let n be t(q). Let b = n + 253. Is b a composite number?
True
Let u(g) = -5*g + 2. Let r(h) = 4*h - 2. Let m(x) = -6*r(x) - 5*u(x). Let t be m(3). Suppose 2*z = a - 2*a + 288, 719 = t*z + 2*a. Is z a prime number?
False
Suppose 13*k - 42 = -k. Suppose 0 = -3*w + 8*w - 5*v, k*v = -4*w + 35. Suppose -2*r = w*a - 217, -6*a = 2*r - 3*a - 219. Is r composite?
True
Suppose 2*l - 1052 = -2*a, -2*l - 201*a + 1037 = -204*a. Is l prime?
True
Let u(f) = 12*f**2 - 7*f - 46. Let l be u(8). Suppose l = -6*v + 23244. Is v a composite number?
True
Let c = -879 - -475. Is -2 + 4 - (c - (-3)/(-1)) composite?
False
Let n be (1494 - -48)*(-102)/(-4). Suppose 17*g - n + 16354 = 0. Is g a composite number?
True
Let l = -1023 + 7184. Let s = 12732 + l. Is s prime?
False
Let a = 466487 - 122884. Is a a composite number?
True
Let f(x) = 1814*x - 43. Let l be (-4)/(-14) - (2 - (-122)/(-14)). Is f(l) a prime number?
False
Is 2/3*14931873/(-110)*(-5)/3 a composite number?
False
Suppose 49 - 15 = 2*g + 2*n, -3*g - 2*n = -48. Is (-8)/(-28) - (-327582)/g a prime number?
True
Suppose -2*a - 23046 = -2*o, 10*o + 23058 = 12*o - 5*a. Is o a prime number?
True
Let k(u) = -3*u - 7. Let z be k(3). Let o be 1102/(-8) + 4/z. Let b = o - -269. Is b prime?
True
Suppose 5*f = -2*t - 27, -2*t + 14*f - 15*f - 15 = 0. Is 1591/(2 - t - 7) a composite number?
True
Suppose -8793417 = -12*c - 2*r + 36208959, 2*r = -4*c + 15000784. Is c prime?
True
Let n be (-7644 + (-5 - -11))*-1. Is (n + 4)*7/14 a composite number?
False
Let n(p) = -11*p + 3*p**2 + 0*p**2 - 2*p**2 + p**2 - 4. Let h be n(6). Suppose 5*q + s + h*s - 4660 = 0, -3*q - s = -2792. Is q composite?
False
Let y(s) = -263*s**2 + 22 + 677*s**2 + 2*s - 23. Suppose 97*f - 109*f = -12. Is y(f) composite?
True
Suppose 0 = -74*r + 72*r + 586. Let v = r + 369. Is v a composite number?
True
Is (-2)/(-4) + (-10730934)/(-684) a composite number?
True
Is (312/(-18) + 17)*-969051 composite?
True
Suppose 0 = -2*n - d + 69701 + 115489, 277775 = 3*n - d. Is n a composite number?
False
Is ((-14)/(-21) - 0)*(-2859)/(-2) a composite number?
False
Suppose 3*x + 32 = 11. Let m(d) = -7*d - 20. Let g be m(x). Suppose 572 = 2*p - 5*k + g, -4*p = -k - 1077. Is p prime?
True
Let g(y) = 112*y**3 - 4*y**2 + 8*y - 8. Let n(k) = 3*k**2 - 21*k + 4. Let m be n(7). Let x be g(m). Is (-1)/(x/7132 + -1) a composite number?
False
Let o(b) = -142*b**3 + b**2 + 2*b + 1. Let f be o(-1). Let l = -14 - -19. Suppose -t = -4*t - l*n + f, 4*t - 141 = 3*n. Is t a composite number?
True
Suppose -4*y - 280 = -9*y. Let q(p) = 2*p - 3*p + 1 + y*p**3 - 4*p**2 - p + 5*p**2. Is q(2) a prime number?
True
Let d = 29528 - 16737. Is d a composite number?
False
Let m(d) = -2*d**3 + 3*d**2 - 2 + 3*d**3 + 12*d + d**2 + 4*d**2. Let q be m(-6). Is q + (-2)/(8/(-220)) prime?
True
Let l(z) = 7050*z + 1631. Is l(28) composite?
True
Is (-233517 - -1)*(-2)/(7/1 + 1) a composite number?
False
Let v(z) = -z**3 - 2*z**2 + 3*z + 2. Let g be v(-3). Let c(y) = 863*y**2 - y - y - 1 - 185*y**g. Is c(-1) prime?
False
Let k be (-1)/3 - (-5 + 589130/(-6)). Suppose 138528 = 19*y - k. Is y prime?
False
Let h = -74 + 74. Suppose h = -3*z - 5*c + 28699 + 16330, -5*c = -3*z + 45049. Is z a prime number?
True
Suppose -10 = 9*v - 14*v. Let k(d) = 0*d**2 + 16*d + 8*d**2 + d**3 - 9 - 17*d**v. Is k(8) prime?
False
Let l = -3 - -5. Suppose l*d - 1794 = -d. Suppose -x + d = 45. Is x prime?
False
Let y = -202854 - -360145. Is y a composite number?
False
Let z(o) = 848*o**2 - 9*o - 20. Suppose -4*p + t = 6*t + 27, 4*p = t - 9. Is z(p) a prime number?
True
Let r(f) = 475*f**2 + 9*f - 25. Let n be ((-48)/40)/(4 + 63/(-15)). Is r(n) composite?
True
Let m be (-4576)/(-928) - (-2)/29. Is (m + 7418)/(3/3) prime?
False
Is (471716/14 + 23)*((-1)/(-3) + 0) composite?
False
Is 393/(-2)*(5900/(-60) + 11) composite?
True
Let l = -31 + 42. Suppose -3*v = -5*g + 5 - l, 2*g = -v + 2. Suppose h - 5*q - 712 = -0*h, v*q - 2187 = -3*h. Is h composite?
False
Let k(n) = -3*n**2 - 6*n + 13. Let h(u) = 2*u**2 + 6*u - 12. Let b(d) = 5*h(d) + 4*k(d). Let w be b(6). Is w*174/(-12)*(-1)/(-2) a composite number?
True
Suppose 53998606 - 69669836 = -265*u + 109731805. Is u a composite number?
False
Let x = 118 + -103. Suppose 5*t = 4*m - 365, 0 = 5*t + x + 10. Is m a prime number?
False
Let q(y) = 2*y**2 - 15*y - 9. Let j be q(12). Let o = j + -100. Is 3133 - (4 + -3) - o a composite number?
True
Let y(u) = u**2 - 4*u - 14. Let v be y(7). Suppose q = v - 5. Suppose -3*f + 2*o = q*f - 28355, -2*o - 10 = 0. Is f prime?
True
Is 8/28 + 313434/42 prime?
False
Let z(l) = 2544*l**3 + 43*l**2 - 209*l + 5. Is z(5) a prime number?
False
Let z(m) = m**3 - m**2 + 8*m - 12. Let g be z(2). Suppose -g*s = 57 - 521. Is s a prime number?
False
Suppose 46*l - 8477622 = -3173019 + 5437363. Is l a prime number?
False
Let k be (10532/10)/(-9 + (-258)/(-30)). Is 3 + (-2 - k) + 4 + -5 a composite number?
False
Suppose 14*g - 90*g + 3348469 = 7*g. Is g a composite number?
False
Let x be 10/(2/(-2) + 3). Suppose -2030 = 5*h - 5*r + 120, -x*h + 4*r = 2146. Let j = h - -713. Is j a composite number?
True
Let b(d) = 25*d**2 - 9 + 2*d - 7 + 2*d**2 + 12. Is b(-3) prime?
True
Suppose -5*o - 4 = -g, -5*g + g = -2*o - 52. Is 22281/g*4/6 prime?
True
Suppose u - 5*n = 48311, 4*u - n = -u + 241579. Suppose -25*z = -130991 + u. Is z a prime number?
True
Let i = -183544 + 267317. Is i composite?
False
Suppose 6*y - 8*y - 4*x = 12, -3*y - 10 = 4*x. Suppose y*s + 26197 = 19*s. Is s prime?
False
Let q = 3418 + -3422. Let t(f) = 27*f**3 - 18*f - 11. Let v(z) = -13*z**3 + 9*z + 6. Let a(y) = -3*t(y) - 5*v(y). Is a(q) a composite number?
False
Let o be (-11)/(77/28) + -1. Let p(j) = -63*j**3 - 6*j**2 - 4*j + 8. Is p(o) prime?
True
Suppose -5 - 5 = -2*o. Let x(u) = 3 - 5 + 8*u + 27*u**2 - o + 1. Is x(-5) prime?
False
Let y = -2665 - -4136. Is y prime?
True
Suppose 9*q - 684989 - 56899 = 0. Suppose 28*w + 9940 = q. Is w a prime number?
False
Suppose 3*i = -3*r + 34 + 14, 11 = r + 2*i. Let y(w) = -18*w**2 + 28*w + 59. Let v be y(r). Is (-1)/(-4 + v/(-1823)) composite?
False
Let h be (-9)/27*3 + 221. Let w = 3769 + h. Is w a composite number?
False
Let m(z) = 79*z**3 + 9*z - 3. Let k be m(3). Suppose -4*q - k = -5*c + 8766, 2*q - 4362 = -2*c. Is c composite?
True
Let p(a) = -23022*a - 4675. Is p(-37) a prime number?
True
Suppose -4*t = -5*s - 7, -4*t = s - 39 + 26. Suppose -u = t*g - 9920, -3*g + g + 6605 = -u. Is g composite?
True
Let x(s) = 355*s + 33. Let p(j) = 266*j + 36. Let y(i) = 1. Let m(f) = 2*p(f) - 22*y(f). Let v(o) = 5*m(o) - 7*x(o). Is v(4) a prime number?
True
Let m = 49 + -63. Suppose 2*a - 8 = -2*w - a, 4*a - 24 = 4*w. Is w/m - (19350/(-35) - 4) composite?
False
Let n(i) = -i**2 + 27*i - 34. Let r be n(26). Is 49722/(-6)*-2*(-4)/r prime?
True
Suppose 5113 = -22*a + 23835. Suppose -5*v = r - a, -2*r + 1504 + 180 = v. Is r a composite number?
True
Let r = -530213 + 1395622. Is r a composite number?
False
Suppose -6*j + 28393 = 5*p - 43806, -2*p = 5*j - 28877. Is p composite?
True
Is 301087 - (18/14 + -1 + 510/(-119)) a prime number?
False
Let d(g) = 7*g - 54. Let r be d(8). Let i(v) = 476*v**3 - v**2 + 5. Is i(r) a prime number?
False
Let g be 1/5 + (-88)/(-10) - 3. Let m be 1/((-18)/(-60)) - 2/g. Is 3121/m + 6/9 prime?
False
Let m be ((-72)/96 - 6179/(-4)) + -5. Let r be (4/6)/((-1)/(-18)). Suppose -3*s = r, -3*s = -5*v - 2*s + m. Is v a prime number?
True
Suppose x + 9 = 4*x. Suppose -2*l - 3*l + 10296 = 4*u, -5*u + x*l + 12907 = 0. Is u a prime number?
True
Let f = -473 - -480. Suppose -4*b - f*u = -5*u - 7246, 4*u = -5*b + 9059. Is b a prime number?
True
Is 48/336 - (-347184)/14 composite?
False
Let t be ((-24)/15)/(-2 - (-8)/5). Let n(f) = f**2 + 8*f + 10. Let g be n(-8). Suppose -t*w = -g*w + 4074. Is w a prime number?
False
Let a be 1/(7/(-989849)*-7). Suppose a + 149 = 50*y. Is y composite?
True
Suppose 1893*o = 1949*o - 2312744. Is o a composite number?
False
Suppose 71*d - 3518047 = 20*d + 38*d. Is d a prime number?
True
Supp